 factor of 1 and n?
1
Let c(l) = 6*l**2 - 8*l + 4. Let a be c(6). Let j = 34704 - 34403. What is the greatest common divisor of j and a?
43
Suppose 0 = n - 4*o - 636 - 751, 2*n - o = 2788. Calculate the highest common divisor of n and 225.
45
Suppose -4*j - 3*m + 88 = 19, -2*j - 2*m + 36 = 0. Let a be (-2)/j - ((-4508)/60 + 5). Let p = -14 - -21. What is the highest common divisor of a and p?
7
Let s be (-9)/(-6)*(-4)/6. Let m be (8/10)/s*-65. Let y = m + -31. What is the greatest common factor of 189 and y?
21
Let v be 0*((-2)/(-6))/((-100)/(-60)). Suppose v = 2*r + 43 - 97. Calculate the greatest common factor of 63 and r.
9
Let z(q) = 4*q - 9. Let b be z(11). Let w = 1157 + -912. What is the greatest common divisor of b and w?
35
Let j(l) be the first derivative of -l**4/4 + 6*l**3 - 43*l**2/2 + 22*l - 183. Let m be j(14). What is the greatest common divisor of 12 and m?
12
Let c(d) = -d**2 + 10*d - 7. Let s be c(0). Let x be ((-6)/s - 1) + (-360)/(-21). Let w = -95 + 282. What is the greatest common divisor of x and w?
17
Suppose -266819 + 67067 = -42*d. Calculate the highest common factor of d and 328.
164
Let u be ((-2046)/(-24))/(9/108). Calculate the highest common factor of u and 186.
93
Suppose 2*j - 22 = -2. Let w(f) = 2*f**3 - 35*f**2 - 16*f - 11. Let z be w(18). Let c be z/((-8)/(7 - 15)). What is the highest common divisor of c and j?
5
Let k(x) = -x**2 - 25*x + 1. Let g(q) = -q**2 - 25*q + 1. Let s(l) = -2*g(l) + 3*k(l). Let z be s(-25). What is the highest common factor of 4 and z?
1
Let i(m) be the second derivative of -m**5/20 + m**4/3 - m**3/6 + 13*m**2/2 - 4*m + 8. Let x be i(4). What is the highest common factor of 42 and x?
3
Let u be (-1)/3*(-3 + 0) - (-100 + 70). What is the highest common factor of 10261 and u?
31
Let m(j) = 69*j**2 + 2*j - 1. Let a be m(1). Let u be 5/(-4) + 15/12. Suppose u = 54*n - 17*n - 1110. What is the highest common divisor of a and n?
10
Let t = 11558 - 10285. What is the highest common divisor of t and 402?
67
Let d = 2759 + 2001. What is the highest common factor of 510 and d?
170
Suppose 49*b + 1 = 50*b. Let a(k) = -54*k**2 - k + 1. Let w be a(b). Let m = w - -62. What is the greatest common factor of 64 and m?
8
Let s be 5 + -4 + (-5 - -10) + 2248. What is the highest common factor of 69 and s?
23
Suppose f - 4*r + 7 = 5, -3*r = 3*f + 6. Let w be ((-15)/3)/5 + 443 + f. What is the highest common factor of 20 and w?
20
Suppose -3*t + 6 = -5*c + 9, 0 = 5*t - 5*c + 5. Let y be (-9)/t + -3 - (-19 - -16). What is the greatest common factor of y and 36?
9
Suppose 4*t - 120 = -4*b, -5*t + 7*t - b = 51. Calculate the greatest common factor of t and 13392.
27
Let c(k) = 4*k**2 - 2*k - 1. Let u be c(-1). Let b be (-3)/(-2)*(-126)/(-189). Calculate the highest common factor of b and u.
1
Suppose -4*k = 2*v - 7488, -v - 4*k = -0*v - 3748. Calculate the greatest common divisor of 11 and v.
11
Suppose 4*r + 35 = 5*a - r, 0 = -4*a - r + 43. Suppose 0 = x + 1, 0 = 4*o - 3*x + x + a. Let h = 37 - o. Calculate the greatest common divisor of 10 and h.
10
Suppose 3*g - 4*g - 6 = -5*f, -2*g + 3*f = 12. Let k be (46/3)/(g/(-63)). What is the highest common factor of 46 and k?
23
Let o(s) = 16*s**2 - 6*s**2 - 7*s**2 - 45 - 29*s - 4*s**2. Let k be o(-18). Let b = -40 + 57. Calculate the highest common factor of b and k.
17
Let t be (-1 - 8/(-6))*162/9. Let l be 10*1 - (7 - t). Calculate the greatest common factor of l and 27.
9
Suppose -10959*j = -10943*j - 63056. Calculate the highest common divisor of 7 and j.
7
Let p(d) = d**3 - 4*d**2 - 4*d + 5. Let n be p(5). Suppose 3011 + 899 = 23*w. Calculate the greatest common factor of n and w.
10
Let x(r) = 5*r + 114. Let t be x(-25). Let w(u) = u**2 + 6*u + 55. Let o be w(t). What is the highest common factor of o and 33?
11
Suppose 124*d - 42510 = -6*d. Calculate the highest common divisor of d and 4360.
109
Let m be (4 + 130/(-4))/((-75)/700). Calculate the greatest common divisor of 19817 and m.
133
Let y be 1470/36 + (-1)/(-6). Let x = 2428 - 1403. Calculate the highest common divisor of y and x.
41
Let u(v) = -v**3 - 11*v**2 - 19*v - 13. Let b be u(-9). Let x be ((-106)/b)/(2/(-4)). Let o = x - -92. What is the highest common factor of o and 78?
39
Suppose 10*f - 28 = 8*f. Let m be 4/f - 25/(-35). Let i be -5*m*(-18)/20*28. Calculate the highest common factor of 14 and i.
14
Let t(x) = -42*x + 3159. Let y be t(75). What is the highest common divisor of 441 and y?
9
Let m(g) = 14*g**3 + 4*g**2 + 11*g - 74. Let s be m(6). Calculate the greatest common divisor of 40 and s.
40
Let l = 152 + -74. Let u = l - 136. Let g = u + 102. What is the highest common factor of g and 4?
4
Let q = -6618 + 6906. What is the greatest common divisor of q and 522?
18
Suppose 2*v + v = 3. Suppose -d = -3*m - 14, -3*d + 5*m = 1241 - 1267. Calculate the greatest common factor of d and v.
1
Suppose -59*r + 86598 = -127336. Calculate the highest common divisor of 42 and r.
14
Let c = 1753 - 1673. What is the greatest common factor of 210 and c?
10
Let t be (-1)/((-2)/16) - 0. Let g = 48 - 63. Let q be 16/g*-3 - 16/(-20). Calculate the greatest common divisor of t and q.
4
Let k be ((-10)/(-30) + 5)*261/12. What is the greatest common divisor of 10 and k?
2
Suppose 346802 = -16*b + 97*b - 67918. What is the highest common factor of 60 and b?
20
Let o be 31 + (-32)/8 + 1 - -2. Calculate the greatest common factor of o and 2862.
6
Suppose w + 5*a = 131, -696 = -4*w - 2*a - 154. Let f = -6447 + 6498. What is the greatest common divisor of f and w?
17
Let k be (-496)/(-12) + 116/(-348). Let a(o) = -o**3 + 9*o**2 + 2*o - 6. Let g be a(4). Calculate the highest common divisor of g and k.
41
Let h = 1 + 2. Suppose 0 = 3*u + 5*l - 50, -l + h*l - 16 = -u. Suppose -4*d + u = 0, -a + 5*d - 6 - 3 = 0. What is the highest common divisor of 2 and a?
2
Let q(x) = 3*x + 21. Let o = 4 + -42. Let c = -38 - o. Let p be q(c). Calculate the highest common divisor of 3 and p.
3
Suppose 146*s + 297600 = 206*s. Calculate the highest common divisor of s and 480.
160
Let c(p) = 2*p**3 - 98*p**2 - 202*p - 99. Let g be c(51). Calculate the highest common divisor of g and 10713.
3
Suppose -4*i - 28 = -2*k, 5*k - 3*i = -11 + 60. Suppose 9*l = k*l + 2*h + 109, -3*l - h + 313 = 0. What is the highest common factor of 595 and l?
35
Let c(g) = -3*g + 12. Let x be c(2). Let m(k) = -k**3 + 9*k**2 - x*k + 0*k**3 + 2 - 4 + 0*k**3. Let q be m(8). What is the greatest common divisor of q and 14?
14
Let d(s) = 18*s**2 + 12*s - 11. Let y be d(4). Let j be (-1)/(-3) - y/(-15). Suppose 3*r - 5*r + 66 = 0. What is the highest common factor of r and j?
11
Let f be 84*(108/441)/((-24)/(-252)). Calculate the greatest common divisor of f and 3768.
24
Suppose 0 = -w + 5*s + 156 - 34, -2*w = 4*s - 216. Calculate the greatest common factor of w and 832.
16
Suppose 63*q = 9*p + 65*q - 63450, -q + 14105 = 2*p. What is the greatest common divisor of p and 64?
8
Let c be ((-456)/95)/(2 + 249/(-120)). Calculate the greatest common factor of 13 and c.
1
Suppose 0 = 5*l + 3*x - 570, 4*x = 5*l - 769 + 164. What is the greatest common factor of l and 42003?
117
Let w(s) = -132*s - 11. Let k be w(-1). Suppose -5*v + k + 529 = 0. Calculate the greatest common divisor of 13 and v.
13
Suppose -25 = -5*c + 4*m - 3*m, -2*m + 6 = 4*c. Let k = c + -1. Suppose -45 = -k*p - 2*p. Calculate the greatest common divisor of p and 72.
9
Let i(m) be the first derivative of -m**3/3 + 17*m**2/2 + 29. Let t be i(12). Let g = 175 + -135. What is the highest common factor of g and t?
20
Let i(d) = -d**3 - d - 4. Let x be i(-3). Suppose -3*g - v + 4 = 2, 4*v = 5*g - x. Let z = -3 - -13. Calculate the greatest common factor of g and z.
2
Suppose -139*v + 1643 - 138923 = -451*v. Calculate the greatest common factor of v and 1144.
88
Let l = 555 + -551. Let r be (l/3)/(-4 + (-1685)/(-420)). What is the greatest common factor of r and 98?
14
Let j = -153 - -443. Calculate the highest common factor of j and 638.
58
Suppose 30 = b + 4*v, 0*b - 4*b + 4*v = -180. Let c = -15713 - -15902. What is the greatest common divisor of c and b?
21
Suppose 0 = -2*x + 4*x + 3*q - 252, 4*q + 378 = 3*x. Calculate the greatest common factor of x and 651.
21
Suppose 3*s - 468 = 5*d, 5*s - s